 is the remainder when 55633 is divided by 14?
11
What is the remainder when 18307 is divided by 2610?
37
What is the remainder when 7694 is divided by 957?
38
What is the remainder when 169004 is divided by 633?
626
What is the remainder when 5237 is divided by 605?
397
What is the remainder when 42469 is divided by 5?
4
Calculate the remainder when 143421 is divided by 505.
1
What is the remainder when 18337 is divided by 60?
37
What is the remainder when 60109 is divided by 52?
49
Calculate the remainder when 1876 is divided by 121.
61
Calculate the remainder when 146085 is divided by 38.
13
What is the remainder when 18514779 is divided by 20?
19
What is the remainder when 212289 is divided by 355?
354
Calculate the remainder when 25069 is divided by 5012.
9
Calculate the remainder when 460040 is divided by 115010.
0
What is the remainder when 92649 is divided by 12?
9
Calculate the remainder when 562540 is divided by 159.
157
Calculate the remainder when 934578 is divided by 46.
42
Calculate the remainder when 2866 is divided by 2848.
18
Calculate the remainder when 134796 is divided by 116.
4
Calculate the remainder when 252866 is divided by 175.
166
Calculate the remainder when 4208 is divided by 282.
260
Calculate the remainder when 4498 is divided by 4484.
14
Calculate the remainder when 1048 is divided by 257.
20
Calculate the remainder when 6461 is divided by 499.
473
Calculate the remainder when 1031 is divided by 15.
11
Calculate the remainder when 12195 is divided by 579.
36
What is the remainder when 29006 is divided by 557?
42
What is the remainder when 2957 is divided by 27?
14
What is the remainder when 15167 is divided by 658?
33
What is the remainder when 1853466 is divided by 516?
510
Calculate the remainder when 3477030 is divided by 27.
24
Calculate the remainder when 4387 is divided by 25.
12
Calculate the remainder when 540715 is divided by 11035.
0
What is the remainder when 2247 is divided by 181?
75
What is the remainder when 361802 is divided by 51685?
7
What is the remainder when 24306 is divided by 17?
13
What is the remainder when 3766 is divided by 42?
28
What is the remainder when 5977 is divided by 5844?
133
What is the remainder when 63899 is divided by 2778?
5
What is the remainder when 91262 is divided by 45630?
2
Calculate the remainder when 1377 is divided by 1324.
53
What is the remainder when 4162355 is divided by 586?
583
Calculate the remainder when 123116 is divided by 342.
338
What is the remainder when 76320 is divided by 318?
0
Calculate the remainder when 8177 is divided by 2034.
41
Calculate the remainder when 11082 is divided by 295.
167
Calculate the remainder when 132756 is divided by 297.
294
What is the remainder when 814 is divided by 10?
4
What is the remainder when 4665 is divided by 1154?
49
What is the remainder when 41810 is divided by 1045?
10
What is the remainder when 292568 is divided by 6803?
39
Calculate the remainder when 30650 is divided by 666.
14
What is the remainder when 14848 is divided by 22?
20
What is the remainder when 200061 is divided by 128?
125
Calculate the remainder when 150 is divided by 79.
71
What is the remainder when 192735 is divided by 64241?
12
Calculate the remainder when 33217 is divided by 3689.
16
Calculate the remainder when 121849 is divided by 50.
49
Calculate the remainder when 1240 is divided by 240.
40
What is the remainder when 1422777 is divided by 752?
745
What is the remainder when 2030660 is divided by 59?
57
What is the remainder when 4444 is divided by 138?
28
Calculate the remainder when 2847 is divided by 37.
35
Calculate the remainder when 1396221 is divided by 6.
3
What is the remainder when 492735 is divided by 71?
66
What is the remainder when 625835 is divided by 312916?
3
What is the remainder when 5567 is divided by 40?
7
What is the remainder when 337397 is divided by 482?
479
What is the remainder when 1908 is divided by 160?
148
What is the remainder when 138154 is divided by 3138?
82
What is the remainder when 27314 is divided by 621?
611
What is the remainder when 181565 is divided by 36?
17
Calculate the remainder when 5035 is divided by 4928.
107
Calculate the remainder when 256 is divided by 112.
32
Calculate the remainder when 2701210 is divided by 124.
118
What is the remainder when 130007 is divided by 1040?
7
What is the remainder when 844 is divided by 279?
7
What is the remainder when 98817 is divided by 162?
159
Calculate the remainder when 1703 is divided by 395.
123
What is the remainder when 28205 is divided by 36?
17
What is the remainder when 9672 is divided by 225?
222
What is the remainder when 3290 is divided by 403?
66
Calculate the remainder when 69296 is divided by 34629.
38
What is the remainder when 1418777 is divided by 110?
107
What is the remainder when 48939 is divided by 9?
6
What is the remainder when 195099 is divided by 10?
9
Calculate the remainder when 878393 is divided by 292793.
14
What is the remainder when 2481 is divided by 276?
273
Calculate the remainder when 6419 is divided by 43.
12
What is the remainder when 41987 is divided by 764?
731
Calculate the remainder when 20099 is divided by 300.
299
Calculate the remainder when 12398 is divided by 112.
78
What is the remainder when 54597 is divided by 182?
179
Calculate the remainder when 1602339 is divided by 565.
564
What is the remainder when 618335 is divided by 144?
143
What is the remainder when 1963 is divided by 806?
351
Calculate the remainder when 1016438 is divided by 40.
38
Calculate the remainder when 290865 is divided by 24238.
9
What is the remainder when 2157 is divided by 144?
141
Calculate the remainder when 112608 is divided by 87.
30
What is the remainder when 3518060 is divided by 734?
732
Calculate the remainder when 36986 is divided by 18421.
144
Calculate the remainder when 1208613 is divided by 879.
867
Calculate the remainder when 31694 is divided by 94.
16
Calculate the remainder when 5280 is divided by 342.
150
Calculate the remainder when 7799 is divided by 517.
44
Calculate the remainder when 13711 is divided by 32.
15
What is the remainder when 8274 is divided by 690?
684
What is the remainder when 49957 is divided by 376?
325
Calculate the remainder when 27921 is divided by 300.
21
What is the remainder when 2829 is divided by 234?
21
What is the remainder when 8454 is divided by 73?
59
Calculate the remainder when 181698 is divided by 45.
33
Calculate the remainder when 45968 is divided by 1069.
1
Calculate the remainder when 3532 is divided by 67.
48
Calculate the remainder when 1307564 is divided by 388.
4
Calculate the remainder when 2893 is divided by 888.
229
Calculate the remainder when 3221 is divided by 2333.
888
What is the remainder when 5271 is divided by 527?
1
What is the remainder when 546804 is divided by 85?
84
What is the remainder when 91316 is divided by 183?
182
Calculate the remainder when 7478 is divided by 611.
146
What is the remainder when 132504 is divided by 132413?
91
What is the remainder when 88736 is divided by 146?
114
What is the remainder when 3370 is divided by 546?
94
Calculate the remainder when 1229 is divided by 406.
11
What is the remainder when 9461 is divided by 1500?
461
Calculate the remainder when 35797 is divided by 78.
73
Calculate the remainder when 31503 is divided by 524.
63
What is the remainder when 2400 is divided by 2310?
90
What is the remainder when 328995 is divided by 328953?
42
Calculate the remainder when 57746 is divided by 50.
46
Calculate the remainder when 4706 is divided by 391.
14
What is the remainder when 8131 is divided by 8114?
17
Calculate the remainder when 66328 is divided by 18.
16
What is the remainder when 8964 is divided by 381?
201
Calculate the remainder when 41397 is divided by 201.
192
Calculate the remainder when 21241 is divided by 450.
91
Calculate the remainder when 4859 is divided by 1588.
95
Calculate the remainder when 3427 is divided by 3414.
13
What is the remainder when 59392 is divided by 7?
4
What is the remainder when 725101 is divided by 343?
342
Calculate the remainder when 41469 is divided by 79.
73
Calculate the remainder when 1589632 is divided by 282.
280
What is the remainder when 106491 is divided b